rue
Is 7319230 a multiple of 169?
False
Is 144858 a multiple of 107?
False
Does 2 divide 151149?
False
Is 11 a factor of 556743?
True
Does 801 divide 21996?
False
Is 2182725 a multiple of 52?
False
Does 206 divide 814207?
False
Does 17 divide 125695?
False
Is 594191 a multiple of 246?
False
Is 190 a factor of 24247456?
False
Is 259 a factor of 347377?
False
Does 293 divide 235279?
True
Is 79 a factor of 2139427?
False
Does 12 divide 130896?
True
Is 19 a factor of 542505?
False
Does 1157 divide 303772?
False
Is 183765 a multiple of 22?
False
Is 281379 a multiple of 218?
False
Is 155 a factor of 2829525?
True
Is 91554 a multiple of 114?
False
Is 57800 a multiple of 136?
True
Is 192 a factor of 89856?
True
Does 26 divide 253491?
False
Is 13 a factor of 1169427?
False
Is 12490 a multiple of 5?
True
Does 405 divide 4071060?
True
Is 22318578 a multiple of 513?
True
Is 245 a factor of 591430?
True
Is 317 a factor of 4002344?
False
Is 4888 a multiple of 37?
False
Is 25 a factor of 753150?
True
Is 277362 a multiple of 18?
True
Is 81 a factor of 10856822?
False
Does 18 divide 258084?
True
Is 11 a factor of 3934328?
False
Does 16 divide 71778?
False
Does 3 divide 8733?
True
Is 29 a factor of 264944?
True
Is 106 a factor of 81753?
False
Does 347 divide 4365260?
True
Is 34 a factor of 13014316?
True
Does 10 divide 156230?
True
Is 1276349 a multiple of 2?
False
Does 53 divide 102184?
True
Does 173 divide 1091457?
True
Is 1054298 a multiple of 81?
False
Is 829 a factor of 747881?
False
Is 714918 a multiple of 536?
False
Is 21 a factor of 724920?
True
Is 18276 a multiple of 45?
False
Is 68 a factor of 21352?
True
Is 33231 a multiple of 5?
False
Is 4020782 a multiple of 458?
True
Is 750 a factor of 866250?
True
Is 182250 a multiple of 81?
True
Is 4 a factor of 5398384?
True
Is 21397 a multiple of 22?
False
Is 31 a factor of 302385?
False
Does 61 divide 6435?
False
Is 2766143 a multiple of 1381?
True
Is 1450725 a multiple of 23?
True
Does 23 divide 32873?
False
Does 31 divide 40672?
True
Does 10 divide 11426951?
False
Is 11 a factor of 76927?
False
Is 241 a factor of 2083927?
True
Does 90 divide 233460?
True
Does 23 divide 615797?
False
Is 81 a factor of 810648?
True
Is 86254 a multiple of 158?
False
Does 8 divide 1933593?
False
Is 24 a factor of 3648?
True
Is 14 a factor of 2672707?
False
Is 1500142 a multiple of 14?
True
Does 13 divide 155350?
True
Is 59 a factor of 2189737?
False
Does 8 divide 61952?
True
Is 2 a factor of 85217?
False
Is 359645 a multiple of 74?
False
Does 17 divide 38231?
False
Is 106 a factor of 69854?
True
Is 1003632 a multiple of 8?
True
Is 119 a factor of 742611?
False
Does 2 divide 53693?
False
Is 113172 a multiple of 28?
False
Is 144597 a multiple of 218?
False
Is 207 a factor of 12948068?
False
Is 2315424 a multiple of 39?
False
Does 273 divide 1817634?
True
Is 499 a factor of 14300342?
True
Is 190991 a multiple of 61?
True
Is 763 a factor of 1439018?
True
Is 21 a factor of 206372?
False
Is 24 a factor of 10286353?
False
Is 567058 a multiple of 41?
False
Is 87 a factor of 13571319?
False
Does 90 divide 5412100?
False
Does 181 divide 402906?
True
Is 24 a factor of 9648223?
False
Is 51 a factor of 31314?
True
Is 1552892 a multiple of 22?
True
Is 7 a factor of 8393642?
False
Is 6018508 a multiple of 4?
True
Is 128 a factor of 1067776?
True
Is 5295612 a multiple of 12?
True
Is 885 a factor of 220365?
True
Is 5643358 a multiple of 519?
False
Does 41 divide 200747?
False
Is 202 a factor of 22624?
True
Is 424 a factor of 349376?
True
Is 380037 a multiple of 17?
False
Is 266 a factor of 120992?
False
Does 27 divide 15381874?
False
Does 97 divide 9357423?
False
Is 53 a factor of 314910?
False
Does 5 divide 1042175?
True
Does 13 divide 11414?
True
Does 45 divide 1055025?
True
Is 3268512 a multiple of 702?
True
Is 132 a factor of 144012?
True
Is 196531 a multiple of 508?
False
Is 5 a factor of 1616042?
False
Does 124 divide 1029696?
True
Is 508019 a multiple of 5?
False
Is 143 a factor of 70356?
True
Is 191651 a multiple of 7?
False
Does 157 divide 3064640?
True
Does 3 divide 11833?
False
Is 800104 a multiple of 221?
False
Is 232560 a multiple of 72?
True
Is 334432 a multiple of 102?
False
Does 116 divide 305720?
False
Is 181 a factor of 260278?
True
Is 24772613 a multiple of 46?
False
Does 57 divide 993752?
False
Is 14007 a multiple of 13?
False
Is 6 a factor of 78237?
False
Does 65 divide 322474?
False
Is 219 a factor of 294774?
True
Is 69 a factor of 32982?
True
Is 365640 a multiple of 130?
False
Is 304 a factor of 117648?
True
Is 14 a factor of 1929353?
False
Is 74 a factor of 660598?
True
Does 23 divide 8657062?
True
Is 18 a factor of 25883?
False
Is 6 a factor of 168481?
False
Is 13 a factor of 11648?
True
Is 1371431 a multiple of 13?
False
Is 4 a factor of 32917?
False
Does 19 divide 214985?
True
Does 142 divide 71852?
True
Is 1868448 a multiple of 626?
False
Does 404 divide 1653168?
True
Is 388 a multiple of 4?
True
Is 13 a factor of 1845859?
False
Does 102 divide 32932931?
False
Does 99 divide 95645?
False
Is 86 a factor of 37645?
False
Is 147 a factor of 6999968?
False
Is 11 a factor of 1289662?
True
Is 5 a factor of 55460?
True
Is 90 a factor of 1145070?
True
Is 85880 a multiple of 20?
True
Is 157 a factor of 913676?
False
Does 34 divide 842384?
True
Is 1438980 a multiple of 60?
True
Is 81400 a multiple of 40?
True
Is 4532723 a multiple of 21?
False
Is 383983 a multiple of 16?
False
Does 592 divide 249232?
True
Does 2 divide 33109?
False
Does 38 divide 1843269?
False
Is 705 a factor of 1639067?
False
Is 347300 a multiple of 48?
False
Is 224 a factor of 27104?
True
Does 58 divide 35580700?
False
Does 19 divide 904063?
False
Is 92 a factor of 54842?
False
Is 556510 a multiple of 58?
True
Is 5 a factor of 4127320?
True
Is 19 a factor of 446728?
True
Is 361315 a multiple of 569?
True
Is 100548 a multiple of 63?
True
Does 107 divide 448651?
True
Does 8 divide 285363?
False
Does 17 divide 2047820?
True
Is 7648320 a multiple of 155?
True
Is 15 a factor of 15355351?
False
Is 957089 a multiple of 6?
False
Does 430 divide 275378?
False
Is 166350 a multiple of 25?
True
Is 18841 a multiple of 71?
False
Is 3 a factor of 1031888?
False
Is 41 a factor of 113488?
True
Is 369408 a multiple of 48?
True
Is 1684738 a multiple of 447?
False
Is 17 a factor of 139443?
False
Does 16 divide 29568?
True
Does 107 divide 710052?
True
Is 42 a factor of 1326830?
False
Is 1232 a factor of 3725568?
True
Is 377 a factor of 13531247?
False
Is 85 a factor of 1160669?
False
Does 19 divide 25821?
True
Does 903 divide 9032709?
True
Does 164 divide 6080843?
False
Does 54 divide 123714?
True
Is 50576 a multiple of 58?
True
Does 1258 divide 3619365?
False
Does 38 divide 476069?
False
Is 7857 a multiple of 2?
False
Is 11 a factor of 327822?
True
Is 64 a factor of 654720?
True
Does 1205 divide 30084030?
True
Does 125 divide 179818?
False
Does 73 divide 80957?
True
Is 4165380 a multiple of 657?
True
Is 3 a factor of 122024?
False
Is 20 a factor of 561560?
True
Is 21616 a multiple of 14?
True
Does 13 divide 303264?
True
Is 115936 a multiple of 12?
False
Is 84 a factor of 59052?
True
Does 17 divide 244137?
True
Is 176 a factor of 36784?
True
Is 77472 a multiple of 144?
True
Is 316 a factor of 581336?
False
Is 110 a factor of 284240?
True
Is 283 a factor of 951879?
False
Does 7 divide 12657047?
False
Does 22 divide 416891?
False
Does 3 divide 55809?
True
Is 73 a factor of 25550?
True
Does 792 divide 15306?
False
Is 1769984 a multiple of 37?
False
Does 844 divide 5574620?
True
Is 19310691 a multiple of 57?
False
Is 838 a factor of 6211688?
False
Does 298 divide 4834613?
False
Is 249 a factor of 144171?
True
Is 40 a factor of 2877960?
True
Is 19 a factor of 137902?
True
Is 23932 a multiple of 113?
False
Is 108 a factor of 158176?
False
Is 34 a factor of 450670?
True
Is 56 a factor of 690961?
False
Does 12 divide 410376?
True
Does 1811 divide 27556176?
True
Is 47 a factor of 133366?
False
Does 83 divide 414668?
True
Is 22 a factor of 42288?
False
Is 24 a factor of 105024?
True
Is 48 a factor of 63164?
False
Is 491 a factor of 269559?
True
Is 185564 a multiple of 8?
False
Is 626961 a multiple of 569?
False
Does 4 divide 443493?
False
Is 738 a factor of 538740?
True
Is 54 a facto